r?
True
Is 20206478951 a prime number?
False
Is 45936654997 prime?
True
Is 230551679 composite?
True
Is 3982714727 a prime number?
True
Is 21096968369 a composite number?
True
Is 9842101 a prime number?
True
Is 29145720139 prime?
True
Is 272441753 prime?
True
Is 140567169241 a composite number?
False
Is 11158809847 a prime number?
True
Is 177735749027 a prime number?
True
Is 2741581681 prime?
False
Is 2222527829 composite?
False
Is 1175172721 a composite number?
True
Is 28868502713 prime?
False
Is 6493712873 a prime number?
True
Is 923484307 prime?
False
Is 409439183 composite?
False
Is 34821267821 composite?
False
Is 82638416837 a prime number?
True
Is 64879363 a composite number?
False
Is 1653604283 prime?
True
Is 15197436431 a prime number?
True
Is 1649252369 composite?
True
Is 5086462999 a composite number?
True
Is 491201521 prime?
True
Is 2590619777 prime?
True
Is 3126085997 a composite number?
False
Is 19747316519 prime?
False
Is 83262402473 prime?
True
Is 6571532537 prime?
True
Is 19346841937 a prime number?
False
Is 618687829 prime?
False
Is 18881678909 a prime number?
False
Is 2415757199 a prime number?
False
Is 2619873929 composite?
True
Is 3715347803 composite?
True
Is 131130437 a composite number?
False
Is 370881607 a prime number?
False
Is 608704763 composite?
False
Is 36036944011 composite?
False
Is 525486721 prime?
True
Is 170381137 a prime number?
True
Is 3566791463 composite?
False
Is 31780293535 composite?
True
Is 2128515359 a composite number?
False
Is 20474350939 a prime number?
False
Is 1568327389 prime?
False
Is 1414386877 prime?
True
Is 383131327 a prime number?
False
Is 2724155107 composite?
True
Is 74354663 prime?
True
Is 37133027677 a prime number?
True
Is 59321521 a composite number?
True
Is 6348775427 composite?
False
Is 24715067899 composite?
False
Is 105874734869 a composite number?
False
Is 22441909643 composite?
False
Is 3852686539 prime?
False
Is 67658377 a composite number?
False
Is 844208867 a composite number?
False
Is 149893123 a prime number?
True
Is 3225382229 a composite number?
False
Is 1448411 a prime number?
True
Is 127724556431 composite?
False
Is 8747847713 a composite number?
True
Is 18655443541 composite?
True
Is 47017085923 a prime number?
True
Is 702139141 a prime number?
False
Is 2645534303 prime?
True
Is 11600433721 prime?
False
Is 14005851355 a composite number?
True
Is 1271065161 composite?
True
Is 4985794309 composite?
True
Is 276691665577 a composite number?
True
Is 157989362 a prime number?
False
Is 22775106203 composite?
False
Is 37875545531 prime?
False
Is 2278316603 a composite number?
False
Is 19027011221 prime?
False
Is 2398471154 a prime number?
False
Is 103078273829 prime?
True
Is 1705275245 prime?
False
Is 58340373199 composite?
True
Is 46619363093 a composite number?
True
Is 1387753297 prime?
False
Is 39699795313 a prime number?
True
Is 17007324221 a prime number?
False
Is 291403249 prime?
True
Is 141949572685 a composite number?
True
Is 673739917 prime?
True
Is 7378040549 composite?
True
Is 8434172411 a composite number?
True
Is 8530155467 prime?
False
Is 79492842589 a composite number?
False
Is 1534917877 a prime number?
True
Is 1860954859 prime?
True
Is 12554039923 a composite number?
False
Is 83174401 a composite number?
False
Is 11034170033 a prime number?
False
Is 1455850459 a composite number?
True
Is 1201097327 composite?
True
Is 5545412063 prime?
True
Is 2127459821 a prime number?
True
Is 16093721879 a composite number?
False
Is 53425424427 composite?
True
Is 891043441 composite?
False
Is 2465219767 prime?
False
Is 436720253 composite?
True
Is 83073568339 a prime number?
False
Is 351170987 composite?
False
Is 29390685931 a composite number?
True
Is 6191358721 a composite number?
False
Is 112126547 composite?
True
Is 151245202198 a prime number?
False
Is 2592832937 composite?
False
Is 108545069363 a composite number?
False
Is 34941888337 a composite number?
False
Is 285836191 a composite number?
False
Is 53300989471 a prime number?
False
Is 2443954069 a composite number?
False
Is 4954776521 prime?
True
Is 10205622131 composite?
True
Is 5378215313 composite?
False
Is 2343001301 a prime number?
False
Is 3128061611 prime?
True
Is 2677497631 a prime number?
True
Is 62324842339 a prime number?
True
Is 1796270027 a composite number?
False
Is 10541884919 a composite number?
False
Is 330797913 composite?
True
Is 2269220717 a composite number?
False
Is 24715026841 a composite number?
True
Is 1573171349 composite?
False
Is 4533010171 a prime number?
False
Is 726254057 prime?
True
Is 3776630633 prime?
True
Is 4701337673 a prime number?
False
Is 394049969 composite?
False
Is 6373281679 composite?
True
Is 598238197 prime?
True
Is 9804810023 prime?
True
Is 347838067 a composite number?
True
Is 4878719477 a prime number?
True
Is 2222904193 prime?
True
Is 87541796873 prime?
False
Is 106131628343 composite?
True
Is 4726776641 prime?
True
Is 2784633971 composite?
True
Is 1984100477 prime?
False
Is 280202114077 a composite number?
True
Is 9019158419 prime?
False
Is 605426891 composite?
True
Is 660566237 a prime number?
True
Is 2753440999 prime?
True
Is 2354527111 composite?
False
Is 5085769853 composite?
True
Is 843994751 prime?
True
Is 4719955061 a prime number?
False
Is 187023706 composite?
True
Is 146703212893 a composite number?
True
Is 79900879 a prime number?
True
Is 19840708091 prime?
False
Is 612762197 a prime number?
True
Is 2584434773 a prime number?
True
Is 4095410063 a composite number?
False
Is 215646361 prime?
False
Is 16517588707 a prime number?
False
Is 92071871 composite?
False
Is 36902623633 composite?
True
Is 4599529001 a composite number?
False
Is 17113322441 a composite number?
True
Is 2785684051 composite?
True
Is 11823879241 prime?
True
Is 11351450861 a composite number?
True
Is 37117649189 prime?
True
Is 9126475343 prime?
True
Is 2062437605 composite?
True
Is 905559547 composite?
False
Is 17326803997 prime?
True
Is 6648444191 prime?
True
Is 728049713 a composite number?
True
Is 114314831 a composite number?
False
Is 303522013 composite?
False
Is 35312935733 prime?
True
Is 26491643533 a composite number?
False
Is 71701933453 composite?
False
Is 79830347 a prime number?
True
Is 5556619 a composite number?
False
Is 2089511461 composite?
True
Is 50571746497 composite?
False
Is 47853200657 composite?
True
Is 14686025041 a composite number?
False
Is 792792479 prime?
False
Is 11633634098 prime?
False
Is 20469005602 a prime number?
False
Is 1315193963 prime?
True
Is 1387945799 a composite number?
True
Is 9530090951 prime?
True
Is 5544810709 a prime number?
False
Is 651542231 a prime number?
True
Is 11425818181 composite?
False
Is 352986331 composite?
True
Is 806597677 a composite number?
True
Is 36997171385 a composite number?
True
Is 68161134703 a composite number?
False
Is 1528903967 prime?
True
Is 266605277 composite?
False
Is 44352097705 a prime number?
False
Is 4843470037 composite?
True
Is 662170279 a prime number?
True
Is 2132687 a composite number?
True
Is 8082488797 a prime number?
True
Is 8550342785 prime?
False
Is 187991539 prime?
True
Is 2302413187 composite?
False
Is 273005311 a prime number?
False
Is 14653745081 a prime number?
True
Is 8989582229 prime?
False
Is 855169709 prime?
False
Is 149776214433 composite?
True
Is 448271381 a composite number?
False
Is 4644359 composite?
True
Is 104565423451 a composite number?
True
Is 790850287 a prime number?
False
Is 10646063471 a prime number?
False
Is 3262638391 prime?
True
Is 2971226383 prime?
False
Is 3853559299 composite?
False
Is 7227401855 composite?
True
Is 298426717 a prime number?
False
Is 1196383171 composite?
False
Is 22462221437 prime?
True
Is 54667537961 a composite number?
False
Is 2550747841 a prime number?
True
Is 64808387 prime?
False
Is 1326971251 a composite number?
False
Is 1227784277 a prime number?
False
Is 48866839639 prime?
True
Is 171622633337 composite?
False
Is 23182019513 composite?
True
Is 545894017 prime?
False
Is 479060609 composite?
False
Is 6395273903 a prime number?
False
Is 49306487639 a prime number?
False
Is 40363900079 prime?
True
Is 296228819 a prime number?
False
Is 2221724243 a composite number?
False
Is 21727409227 prime?
False
Is 19513334063 a composite number?
False
Is 7